{"id":424,"date":"2017-11-17T07:50:31","date_gmt":"2017-11-17T07:50:31","guid":{"rendered":"http:\/\/www2.walkinglugano.ch\/?page_id=424"},"modified":"2025-01-22T14:19:57","modified_gmt":"2025-01-22T14:19:57","slug":"infrastrukturen-und-dienstleistungen","status":"publish","type":"page","link":"https:\/\/www.walkingmendrisio.ch\/?page_id=424&lang=de","title":{"rendered":"Infrastrukturen und Dienstleistungen"},"content":{"rendered":"<p><strong>Village des Events<br \/>\n<\/strong>Beim Veranstaltungszentrum Mercato Coperto von Mendrisio.<\/p>\n<p><strong><br \/>\nVerpflegung<\/strong><strong><br \/>\n<\/strong>Entlang der Strecken und am Ziel sind Verpflegungsposten eingerichtet.<\/p>\n<p><strong><br \/>\nParkpl\u00e4tze<br \/>\n<\/strong>In der N\u00e4he des Village gibt es Parkpl\u00e4tze und Parkh\u00e4user (gegen Geb\u00fchr). Es ist nicht m\u00f6glich, beim Veranstaltungszentrum Mercato Coperto zu parken.<\/p>\n<p><strong><br \/>\nFestwirtschaft<\/strong><br \/>\nDie Festwirtschaft befindet sich ebenfalls beim Veranstaltungszentrum Mercato Coperto. F\u00fcr alle Teilnehmenden ist das Mittagessen im Startgeld inbegriffen. Besucher sind herzlich willkommen und bezahlen einen Beitrag.<\/p>\n","protected":false},"excerpt":{"rendered":"<p><a class=\"read-more\" href=\"https:\/\/www.walkingmendrisio.ch\/?page_id=424&#038;lang=de\">+ Info<\/a><\/p>\n","protected":false},"author":2,"featured_media":0,"parent":422,"menu_order":0,"comment_status":"closed","ping_status":"closed","template":"","meta":{"footnotes":""},"_links":{"self":[{"href":"https:\/\/www.walkingmendrisio.ch\/index.php?rest_route=\/wp\/v2\/pages\/424"}],"collection":[{"href":"https:\/\/www.walkingmendrisio.ch\/index.php?rest_route=\/wp\/v2\/pages"}],"about":[{"href":"https:\/\/www.walkingmendrisio.ch\/index.php?rest_route=\/wp\/v2\/types\/page"}],"author":[{"embeddable":true,"href":"https:\/\/www.walkingmendrisio.ch\/index.php?rest_route=\/wp\/v2\/users\/2"}],"replies":[{"embeddable":true,"href":"https:\/\/www.walkingmendrisio.ch\/index.php?rest_route=%2Fwp%2Fv2%2Fcomments&post=424"}],"version-history":[{"count":11,"href":"https:\/\/www.walkingmendrisio.ch\/index.php?rest_route=\/wp\/v2\/pages\/424\/revisions"}],"predecessor-version":[{"id":3695,"href":"https:\/\/www.walkingmendrisio.ch\/index.php?rest_route=\/wp\/v2\/pages\/424\/revisions\/3695"}],"up":[{"embeddable":true,"href":"https:\/\/www.walkingmendrisio.ch\/index.php?rest_route=\/wp\/v2\/pages\/422"}],"wp:attachment":[{"href":"https:\/\/www.walkingmendrisio.ch\/index.php?rest_route=%2Fwp%2Fv2%2Fmedia&parent=424"}],"curies":[{"name":"wp","href":"https:\/\/api.w.org\/{rel}","templated":true}]}}